x - 4*x**2 + 5*x**2 + 3*x + 6. Suppose -2*f - 2*f - l = 5, l + 5 = -f. Suppose f*q + 5*q + 20 = 0. What is p(q)?
10
Suppose -4*x = -5*w - 12, 0 = 5*x + 4*w - 10 - 5. Suppose 5*b + 3 = 4*a, 0 = -0*a + 3*a + x*b + 18. Let p(q) = q**2 + 5*q. Give p(a).
-6
Let i(q) = q**3 - 7*q**2 + 7*q + 1. Let u(a) = 4*a**2 + a - 1. Let s be u(4). Let l be (-4)/6 - s/3. Let t = -17 - l. Calculate i(t).
7
Let c(p) = p**2 + 3*p - 2. Let b be c(-4). Let q(s) = 2 - 3*s**2 + s**3 - 2 + s**3 + 2. Let a be q(b). Let t(u) = u - 4. Determine t(a).
2
Let n(a) = -3*a**2 + 37*a + 1. Let o be n(11). Suppose -2*w = 7*w + o. Let g(u) = u + 5. Calculate g(w).
0
Let u(a) be the third derivative of -a**7/840 + a**6/90 - a**4/12 + 19*a**3/3 - a**2 - 30. Let k(o) be the first derivative of u(o). Calculate k(4).
-2
Let m be (-40)/12*6 - -1. Let a = m - -19. Suppose a = -10*i + 8*i. Let u(n) = n + 3. Determine u(i).
3
Let h(f) = -f. Let l(t) = 11*t + 6. Let r(j) = -4*h(j) - l(j). Give r(-4).
22
Let v(f) = -f**3 - 7*f**2 - 6*f - 1. Let n be v(-6). Let p(z) be the second derivative of z**4/4 + z**2/2 - 34*z + 2. Give p(n).
4
Let u = -1 + -17. Let p be 3/4*(-14 - u). Let s = 2 - p. Let x(k) = -4*k. Calculate x(s).
4
Let u(n) = n**3 - n**2 + 1. Let a(d) = 7*d**3 - 10*d**2 + 2*d + 10. Let f(i) = a(i) - 6*u(i). Let g be (-2)/(-1)*(-12 - (-297)/22). Calculate f(g).
1
Let m(i) = -i**3 + 3*i**2 + 2*i + 3. Suppose -3*u = -7*u + 36. Let w(n) = -13*n + 26*n - 12*n + u. Let j be w(-6). What is m(j)?
9
Suppose 4*l - 28 = 2*v, -l - 4*l + v = -35. Suppose 1 = l*c - 20. Let t(g) = g**3 - 4*g**2 + 3*g - 1. Determine t(c).
-1
Let m(a) = -7*a - 7. Let x(v) = 8*v - 6. Let s(f) = f - 1. Let p(i) = 28*s(i) - 4*x(i). Let u(l) = 3*m(l) - 5*p(l). Give u(-1).
0
Suppose -3*f + 6 = 0, -4*o - 25 = f - 7. Let h(w) = -2*w**2 - 7*w + 1. Calculate h(o).
-14
Suppose -4*j - 16 = -40. Let r(q) = 2 - q - j + 8 - 3. Calculate r(-6).
7
Let i(v) = -3*v**3 + 5*v**2 - 5*v + 6. Suppose -n - 3 = -0. Let r(s) = 4*s**3 - 4*s**2 + 4*s - 7. Let u(b) = n*i(b) - 2*r(b). Give u(6).
2
Let m(g) = g**3 - 27*g**2 - g + 22. Let y = -711 + 738. Determine m(y).
-5
Let s(a) = 7*a + 2 - 177*a**2 + 176*a**2 - 2. Give s(7).
0
Suppose 0*o = -4*o - l - 109, 0 = -2*o + 4*l - 50. Let n be 87/27 - (-6)/o. Let g be (n/(-9))/(3/(-18)). Let p(j) = 3*j - 3. Calculate p(g).
3
Let m(b) = b**3 + 9*b**2 + 10*b + 10. Suppose a = 2*a + 4*q + 26, 5 = -q. Let f(y) = 5*y + 22. Let z be f(a). Calculate m(z).
-6
Suppose -5*y + 0*f - 5*f = -50, 5*f = 3*y + 10. Let d(i) = -i + 1. What is d(y)?
-4
Let w(c) = -c**3 + 6 + 2*c**2 + c - 10 + 0*c + 0. Suppose -3*g + 2*u + 1 = 0, -6*g = -g + 3*u - 27. Calculate w(g).
-10
Let h = 13 + -8. Let n(m) be the second derivative of m**4/12 - 2*m**3/3 - 5*m**2/2 + 3*m + 74. Give n(h).
0
Suppose 1 = -j + 2*j. Let x(f) be the first derivative of 9*f**4/4 - f + 662. Determine x(j).
8
Let l(s) = -10*s + s + 10 + 2 - s**2. Let z be (7 + -2 + 1)*(-6)/4. Determine l(z).
12
Let a(p) = 8*p - 9. Let j be a(1). Let d(s) = s**2 + 12*s - 6. Let m(y) = y - 1. Let o(z) = j*d(z) + 5*m(z). Let n = 7 + -13. Calculate o(n).
7
Let f be 2*2/(-16) + (-6)/(-24). Suppose 152 = 19*b - f*b. Let j(i) = i**2 - 7*i - 2. Determine j(b).
6
Let y(u) = 2*u**2 - 6*u + 1. Let k = 37 + -34. Suppose p + 8 = k*p. Determine y(p).
9
Let f(q) = -q**3 + 8*q**2 + 3*q**3 - 12 - q**3 + 22. Let n(a) = -2*a + 6. Let i be n(7). What is f(i)?
10
Let t(d) = 1. Let k(y) = 2*y**2 + 2*y - 4. Let w(o) = -k(o) - t(o). Let r(p) = -2*p**3 + p**2 - 17*p + 15. Let v be r(1). Calculate w(v).
-9
Let r(u) = u**2 - 5*u + 3. Let l = -149 + 152. What is r(l)?
-3
Let i(c) = -19 + 5*c - 2*c - 4*c + 2. Let a = 56 - 56. Give i(a).
-17
Let x(f) = -11*f**2 + 8*f + 5. Let o(w) = 13*w**2 - 8*w - 6. Let j(p) = 5*o(p) + 6*x(p). What is j(7)?
7
Let c = 19 - 14. Suppose 61 = c*b + 21. Let h(n) = -3 + 1 - b*n + 2*n. Calculate h(-2).
10
Let s(w) = 2*w**2 - 3*w. Let k(o) = -o**3 - 25*o**2 + o + 27. Let m be k(-25). Calculate s(m).
2
Let a(f) = 3*f**2 - f. Let t be a(1). Suppose -t*s + 22 = -18. Suppose -2*c - 4*h = 6, -3*h - 2*h - s = 5*c. Let i(o) = o**3 + 4*o**2 - 6*o - 5. Calculate i(c).
0
Let o(a) = a - 3. Let t(q) = 2*q - 3. Let m be -3 - -3*2/6. Let w(b) = m*t(b) + 3*o(b). Let s be 1/(1 - 2)*-3. Calculate w(s).
-6
Let l be (-12 + 0 + 2)/2. Let d(f) = 2*f**2 + 12*f + 5. Let m(k) = 3*k**2 + 18*k + 8. Let x(g) = l*m(g) + 7*d(g). Calculate x(-5).
0
Let j(f) = -f - 4. Let y(s) = -s. Let c(d) = -6*d - 21. Let u(r) = -c(r) + 2*y(r). Let b(h) = 11*j(h) + 2*u(h). Calculate b(-2).
4
Suppose 75*u - 14 = 77*u. Let l(h) = 2*h**2 + 11*h - 14. Determine l(u).
7
Let o = -6 + 8. Let y(h) = -4*h - 1 + o*h - 1. Let f be (27/45)/((-2)/10). Calculate y(f).
4
Let j(l) = -l**2 + 5*l - 4. Let z = 2 + 2. Suppose -z*y - 22 = 2*n, -3*y + 2*n = -4 + 3. Let w be (1/y)/((-19)/228). Give j(w).
0
Let f(q) be the third derivative of -q**5/60 + 5*q**4/12 + q**3/6 + 11*q**2 + 14*q. What is f(10)?
1
Let a(f) = 6*f**3 + 7*f**2 - 6*f - 1. Let m(p) = -p**3 - 3*p**2 - 3*p - 4. Let s be m(-3). Let b(y) = y**3 - y - 1. Let t(k) = s*b(k) - a(k). Calculate t(-7).
-11
Let l(w) be the third derivative of w**6/120 - w**4/24 + 2*w**3 - 7*w**2. Let a be 8/(-6)*18/4. Let f = a - -6. Determine l(f).
12
Suppose 0 = -2*p - 3*p + 20. Suppose -l + 4 = -4*z - 10, -4*z - p*l = 4. Let f(g) = g**3 + 3*g**2 + g + 3. What is f(z)?
0
Let s(j) = 9 - 2 + 2 + j - 2. Let w(g) = 1. Let i(t) = s(t) - 5*w(t). Let z = -4 + 2. What is i(z)?
0
Suppose -3*u = 2*f - 30, -3*f - 7 = 2. Let c be u - (4 - 0/(-2)). Let w(b) = -b**3 + 7*b**2 + 7*b + 11. Calculate w(c).
3
Let l(y) = y**3 + 1 + 3*y**2 + y + y**2 + 6 - 11. Let z be l(-3). Suppose -2*w - 2*d = z, -d - 5 = -3*w - 0. Let m(x) = 4*x**2 - 1. Determine m(w).
3
Let x = 1 - 1. Let b(t) be the second derivative of -t**3/6 + 3*t**2 - 427*t. What is b(x)?
6
Let f(c) = -13*c**2 + c - 3. Let o(x) = -3*x**2 - 1. Let u(t) = -2*f(t) + 9*o(t). Give u(-4).
-11
Let q = -4 + 10. Let p(w) be the second derivative of -w**5/60 + w**4/4 - w**3/3 - 7*w**2/2 + 21*w. Let b(j) be the first derivative of p(j). Determine b(q).
-2
Let d(o) be the third derivative of -o**5/60 - o**4/3 - 2*o**3/3 - 45*o**2. Determine d(-7).
3
Let i(k) = -2 - 4 - 5 - k + 2. Suppose -4*c - 36 = -8*c. Suppose -3*r = 6*v - 4*v + c, 12 = 2*v - 4*r. Give i(v).
-9
Let h(f) be the second derivative of f**3/3 - 6*f**2 + 2*f. Let l be (5/15)/(3/72). Give h(l).
4
Let c(r) = 5*r - 1. Let y = -101 + 83. Let t be 14/(-8) - y/24. Determine c(t).
-6
Let m(c) be the third derivative of -5*c**4/24 + 23*c**3/6 - 316*c**2. Calculate m(6).
-7
Let a(b) = -b**2 + 2*b**2 - 2 - 3 - 18*b + 6 + 8*b. Let r(k) = -k + 3. Let l be r(-6). Give a(l).
-8
Suppose 4*n - 4*k = 9396 + 23716, 0 = 5*k + 15. Let x(y) = -1 - y - 8276*y**3 + n*y**3 + y - y**2. Determine x(0).
-1
Let g = 11 - 5. Let i = g - 11. Let l(k) = -6*k + 9 - 17 - k**2 + 2. What is l(i)?
-1
Let j(o) = -63*o**2 + 30*o + 15. Let f(r) = 42*r**2 - 21*r - 11. Let p(v) = 7*f(v) + 5*j(v). Calculate p(1).
-20
Let f(s) be the first derivative of -s**4/2 + 2*s**3/3 - 84. Calculate f(-2).
24
Let y(p) = 15*p**2 + 20 + 15 - 56 + 20. Give y(-1).
14
Let u(y) = y + 2. Let s(b) = -b - 1. Let h(t) = -6*t - 7. Let o(n) = h(n) - 3*s(n). Let r(q) = 6*o(q) + 11*u(q). Determine r(-2).
12
Suppose -55 = -m - 4*f, 2*m - 4*f - 155 = -3*f. Let h = m - 74. Let r(a) = 6*a. Determine r(h).
6
Let l(j) = -2*j - 4. Let v(s) = 0 + 1 + 8*s - s. Let f be v(-1). Determine l(f).
8
Let i(n) be the first derivative of -n**2 + 2*n - 1/3*n**3 + 10. Calculate i(-4).
-6
Let g(y) be the first derivative of 4*y**3/3 - 3*y**2/2 + y + 269. What is g(2)?
11
Let n(g) = -g**2 + 11*g - 7. Let h(j) = 2*j**2 - 23*j + 14. Suppose 12*l = -3*l + 30. Let x(a) = l*h(a) + 5*n(a). Give x(9).
-7
Let p(w) = w**3 - 2*w**2 - 7. Let t be ((-23)/((-621)/18))/((-2)/(-9)). Calculate p(t).
2
Suppose -6*z + z = -2*s - 2, 0 = -z - 4*s + 18. Suppose z*m = m - 1. Let k = 5 - m. Let u(p) = p**3 - 7*p**2 + 5*p - 2. What is u(k)?
-8
Let a be -5 - 1/((-4)/36). Let r(i) = i**3 - 4*i**2 + 6*i. What is r(a)?
24
Let x(k) = 6*k**3 - 10*k. Suppose 27 = 2*a + 5*i, 4*i - 7 = -4*a + 17. Let j(o) = o**3 + o**2 - o - 1. Let m(u) = a*x(u) - 5*j(u). Determine m(6).
11
Let g be 21/2*(-20)/(-15). Suppose -5*z + o + 13 = 1, 3*